r when 1399 is divided by 27?
22
What is the remainder when 1486 is divided by 49?
16
Calculate the remainder when 87 is divided by 22.
21
Calculate the remainder when 2413 is divided by 71.
70
What is the remainder when 2008 is divided by 67?
65
Calculate the remainder when 910 is divided by 25.
10
What is the remainder when 929 is divided by 62?
61
What is the remainder when 11610 is divided by 9?
0
Calculate the remainder when 880 is divided by 18.
16
What is the remainder when 649 is divided by 93?
91
What is the remainder when 88 is divided by 39?
10
Calculate the remainder when 262 is divided by 190.
72
What is the remainder when 101 is divided by 56?
45
What is the remainder when 356 is divided by 91?
83
Calculate the remainder when 915 is divided by 156.
135
Calculate the remainder when 606 is divided by 199.
9
What is the remainder when 231 is divided by 44?
11
Calculate the remainder when 250 is divided by 3.
1
What is the remainder when 823 is divided by 33?
31
What is the remainder when 2651 is divided by 36?
23
Calculate the remainder when 127 is divided by 27.
19
Calculate the remainder when 12608 is divided by 10.
8
What is the remainder when 748 is divided by 15?
13
What is the remainder when 171 is divided by 6?
3
Calculate the remainder when 1792 is divided by 23.
21
Calculate the remainder when 159 is divided by 27.
24
Calculate the remainder when 103 is divided by 1.
0
What is the remainder when 415 is divided by 42?
37
What is the remainder when 119 is divided by 50?
19
Calculate the remainder when 133 is divided by 7.
0
What is the remainder when 2652 is divided by 33?
12
Calculate the remainder when 92 is divided by 59.
33
Calculate the remainder when 381 is divided by 113.
42
What is the remainder when 415 is divided by 104?
103
What is the remainder when 178 is divided by 13?
9
Calculate the remainder when 1214 is divided by 76.
74
What is the remainder when 2137 is divided by 315?
247
Calculate the remainder when 195 is divided by 133.
62
Calculate the remainder when 473 is divided by 457.
16
What is the remainder when 77 is divided by 1?
0
What is the remainder when 474 is divided by 22?
12
What is the remainder when 296 is divided by 15?
11
Calculate the remainder when 117 is divided by 21.
12
What is the remainder when 412 is divided by 15?
7
Calculate the remainder when 69 is divided by 22.
3
What is the remainder when 65 is divided by 41?
24
What is the remainder when 313 is divided by 103?
4
Calculate the remainder when 207 is divided by 109.
98
What is the remainder when 118 is divided by 105?
13
What is the remainder when 536 is divided by 41?
3
What is the remainder when 85 is divided by 8?
5
Calculate the remainder when 66 is divided by 25.
16
Calculate the remainder when 150 is divided by 52.
46
What is the remainder when 50 is divided by 21?
8
What is the remainder when 91 is divided by 32?
27
What is the remainder when 990 is divided by 124?
122
Calculate the remainder when 38950 is divided by 24.
22
Calculate the remainder when 199 is divided by 10.
9
What is the remainder when 16 is divided by 13?
3
What is the remainder when 104 is divided by 21?
20
What is the remainder when 325 is divided by 47?
43
What is the remainder when 981 is divided by 16?
5
Calculate the remainder when 277 is divided by 30.
7
What is the remainder when 795 is divided by 38?
35
What is the remainder when 203 is divided by 53?
44
Calculate the remainder when 992 is divided by 322.
26
Calculate the remainder when 2971 is divided by 990.
1
What is the remainder when 1299 is divided by 42?
39
What is the remainder when 3200 is divided by 37?
18
Calculate the remainder when 648 is divided by 31.
28
What is the remainder when 948 is divided by 13?
12
What is the remainder when 1818 is divided by 14?
12
Calculate the remainder when 4535 is divided by 21.
20
Calculate the remainder when 6 is divided by 2.
0
What is the remainder when 345 is divided by 164?
17
What is the remainder when 867 is divided by 146?
137
Calculate the remainder when 168 is divided by 35.
28
What is the remainder when 1323 is divided by 363?
234
What is the remainder when 145 is divided by 38?
31
Calculate the remainder when 240 is divided by 61.
57
What is the remainder when 83 is divided by 77?
6
What is the remainder when 472 is divided by 21?
10
Calculate the remainder when 257 is divided by 14.
5
Calculate the remainder when 195 is divided by 17.
8
What is the remainder when 82 is divided by 39?
4
What is the remainder when 67 is divided by 17?
16
Calculate the remainder when 11770 is divided by 54.
52
Calculate the remainder when 5068 is divided by 78.
76
Calculate the remainder when 5222 is divided by 39.
35
What is the remainder when 258 is divided by 33?
27
What is the remainder when 2027 is divided by 24?
11
What is the remainder when 2279 is divided by 120?
119
What is the remainder when 53832 is divided by 13?
12
Calculate the remainder when 538 is divided by 50.
38
What is the remainder when 108 is divided by 93?
15
What is the remainder when 548 is divided by 124?
52
Calculate the remainder when 801 is divided by 134.
131
Calculate the remainder when 865 is divided by 31.
28
What is the remainder when 688 is divided by 38?
4
Calculate the remainder when 92 is divided by 76.
16
Calculate the remainder when 167 is divided by 21.
20
Calculate the remainder when 108 is divided by 9.
0
Calculate the remainder when 407 is divided by 12.
11
Calculate the remainder when 77 is divided by 10.
7
Calculate the remainder when 3833 is divided by 59.
57
What is the remainder when 2455 is divided by 205?
200
Calculate the remainder when 256 is divided by 14.
4
What is the remainder when 212 is divided by 71?
70
What is the remainder when 37 is divided by 11?
4
Calculate the remainder when 371 is divided by 15.
11
What is the remainder when 303 is divided by 61?
59
Calculate the remainder when 1124 is divided by 555.
14
Calculate the remainder when 215 is divided by 8.
7
Calculate the remainder when 1320 is divided by 3.
0
What is the remainder when 113 is divided by 60?
53
What is the remainder when 2667 is divided by 23?
22
Calculate the remainder when 2666 is divided by 298.
282
Calculate the remainder when 49483 is divided by 15.
13
Calculate the remainder when 79 is divided by 40.
39
Calculate the remainder when 45 is divided by 38.
7
Calculate the remainder when 1275 is divided by 11.
10
What is the remainder when 205 is divided by 114?
91
What is the remainder when 843 is divided by 8?
3
What is the remainder when 60 is divided by 7?
4
What is the remainder when 113 is divided by 4?
1
Calculate the remainder when 7293 is divided by 41.
36
What is the remainder when 512 is divided by 9?
8
Calculate the remainder when 488 is divided by 129.
101
What is the remainder when 8492 is divided by 81?
68
Calculate the remainder when 296 is divided by 104.
88
Calculate the remainder when 391 is divided by 105.
76
What is the remainder when 436 is divided by 6?
4
What is the remainder when 105 is divided by 38?
29
Calculate the remainder when 1033 is divided by 26.
19
What is the remainder when 63123 is divided by 54?
51
Calculate the remainder when 3437 is divided by 10.
7
Calculate the remainder when 257 is divided by 114.
29
What is the remainder when 51 is divided by 7?
2
Calculate the remainder when 676 is divided by 227.
222
Calculate the remainder when 5858 is divided by 21.
20
What is the remainder when 98 is divided by 26?
20
What is the remainder when 7998 is divided by 25?
23
What is the remainder when 153 is divided by 77?
76
Calculate the remainder when 22 is divided by 17.
5
Calculate the remainder when 463 is divided by 125.
88
Calculate the remainder when 198 is divided by 10.
8
What is the remainder when 107 is divided by 35?
2
Calculate the remainder when 158 is divided by 21.
11
Calculate the remainder when 3847 is divided by 70.
67
What is the remainder when 84 is divided by 25?
9
What is the remainder when 373 is divided by 185?
3
Calculate the remainder when 467 is divided by 165.
137
What is the remainder when 175 is divided by 60?
55
What is the remainder when 845 is divided by 121?
119
Calculate the remainder when 164 is divided by 52.
8
C